he prime factors of 459452385.
3, 5, 7, 486193
List the prime factors of 692275942.
2, 23, 31, 83, 5849
List the prime factors of 49789651.
17, 1531, 1913
What are the prime factors of 2025836803?
23, 59, 1492879
What are the prime factors of 285045507?
3, 179, 58979
What are the prime factors of 15513981?
3, 7, 31, 23831
List the prime factors of 71533268.
2, 17883317
List the prime factors of 193333323.
3, 64444441
List the prime factors of 2242811541.
3, 29, 2689, 9587
What are the prime factors of 11944971?
3, 461, 2879
List the prime factors of 467771326.
2, 11, 653, 32561
List the prime factors of 6283119575.
5, 4561, 55103
What are the prime factors of 71651071?
19, 53, 71153
What are the prime factors of 803940973?
11, 67, 149, 7321
What are the prime factors of 4787212428?
2, 3, 1489, 9923
List the prime factors of 447500921.
7, 1571, 40693
What are the prime factors of 23955961?
23955961
What are the prime factors of 32336332?
2, 7, 479, 2411
What are the prime factors of 2381982933?
3, 11, 1201, 60101
What are the prime factors of 169265179?
41, 61, 67679
List the prime factors of 1436421019.
11, 41, 3184969
What are the prime factors of 9357860?
2, 5, 467893
What are the prime factors of 1187006692?
2, 113, 2626121
List the prime factors of 6184331.
101, 61231
What are the prime factors of 108712973?
23, 863, 5477
List the prime factors of 659398613.
31, 41, 518803
What are the prime factors of 1700672198?
2, 179, 26539
What are the prime factors of 7421777032?
2, 41, 22627369
What are the prime factors of 61527582?
2, 3, 43, 79493
List the prime factors of 1703382728.
2, 17, 139, 90107
List the prime factors of 1611748199.
83, 1783, 10891
List the prime factors of 40419574.
2, 13, 17, 19, 4813
What are the prime factors of 11557289?
11557289
What are the prime factors of 70966302?
2, 3, 11, 61, 17627
List the prime factors of 607252916.
2, 151813229
What are the prime factors of 26260652?
2, 11, 53, 11261
What are the prime factors of 461390960?
2, 5, 1483, 3889
What are the prime factors of 758474650?
2, 5, 101, 150193
List the prime factors of 51980227.
13, 37, 53, 2039
What are the prime factors of 457789299?
3, 11, 13872403
List the prime factors of 46939650.
2, 3, 5, 312931
What are the prime factors of 203404401?
3, 22600489
List the prime factors of 273292958.
2, 136646479
What are the prime factors of 795946773?
3, 10007, 26513
What are the prime factors of 118546557?
3, 37, 1067987
What are the prime factors of 66495537?
3, 59, 97, 1291
What are the prime factors of 1284676578?
2, 3, 3301, 7207
List the prime factors of 1260422279.
17, 37, 181, 11071
List the prime factors of 575348571.
3, 7, 71, 293, 439
List the prime factors of 296750021.
53, 251, 22307
What are the prime factors of 8978831246?
2, 7, 11, 8329157
What are the prime factors of 79473108?
2, 3, 11, 13, 29, 1597
List the prime factors of 793643547.
3, 19, 13923571
What are the prime factors of 168096399?
3, 56032133
List the prime factors of 3491016130.
2, 5, 7, 17, 23, 127549
List the prime factors of 104172697.
104172697
What are the prime factors of 1215604097?
19, 89, 97, 7411
What are the prime factors of 1403574324?
2, 3, 116964527
List the prime factors of 16012091.
3061, 5231
List the prime factors of 803778774.
2, 3, 19, 19531
List the prime factors of 30974499.
3, 3441611
What are the prime factors of 1445323664?
2, 31, 1229, 2371
What are the prime factors of 252953690?
2, 5, 11, 97, 151, 157
What are the prime factors of 421418439?
3, 13, 61, 137, 431
What are the prime factors of 550234128?
2, 3, 31, 53, 6977
List the prime factors of 207997556.
2, 13, 23, 61, 2851
What are the prime factors of 36849172?
2, 9212293
What are the prime factors of 197669011?
307, 643873
List the prime factors of 60412096.
2, 19, 49681
What are the prime factors of 47169013?
2239, 21067
List the prime factors of 28976582.
2, 43, 347, 971
List the prime factors of 523399387.
7, 967, 77323
What are the prime factors of 78719195?
5, 29, 542891
What are the prime factors of 666169423?
37, 18004579
What are the prime factors of 42427700?
2, 5, 7, 60611
What are the prime factors of 178018565?
5, 337, 105649
List the prime factors of 2360100079.
103, 22913593
List the prime factors of 12760115.
5, 17, 19, 7901
List the prime factors of 299777030.
2, 5, 7, 229, 18701
List the prime factors of 724403382.
2, 3, 73, 199, 8311
What are the prime factors of 31224601?
127, 245863
What are the prime factors of 67844772?
2, 3, 1884577
What are the prime factors of 94076368?
2, 17, 345869
What are the prime factors of 166234201?
7, 181, 131203
List the prime factors of 1610021633.
11, 83, 193, 9137
What are the prime factors of 2566834415?
5, 513366883
What are the prime factors of 1276036226?
2, 179, 1117, 3191
What are the prime factors of 170914487?
29, 137, 43019
List the prime factors of 17594254.
2, 103, 223, 383
What are the prime factors of 2663271879?
3, 83, 10695871
What are the prime factors of 87642218?
2, 43821109
What are the prime factors of 176123093?
101, 1743793
What are the prime factors of 930746316?
2, 3, 103, 753031
What are the prime factors of 30828059?
30828059
List the prime factors of 184783522.
2, 7, 11, 1199893
What are the prime factors of 533832347?
19727, 27061
List the prime factors of 198519251.
7, 17, 1668229
What are the prime factors of 3923762812?
2, 41, 2579, 9277
What are the prime factors of 116539547?
173, 673639
What are the prime factors of 1303988427?
3, 7, 23, 163, 5521
List the prime factors of 196169635.
5, 67, 585581
List the prime factors of 257556244.
2, 11, 532141
List the prime factors of 15548508.
2, 3, 431903
List the prime factors of 1418939571.
3, 7, 97, 307, 2269
What are the prime factors of 2679016776?
2, 3, 31, 59, 61031
List the prime factors of 1088782625.
5, 7, 23, 54101
List the prime factors of 1177546474.
2, 13, 53, 854533
List the prime factors of 1759069360.
2, 5, 21988367
List the prime factors of 6993555442.
2, 59, 1601, 37019
What are the prime factors of 615282577?
7, 13, 6761347
What are the prime factors of 184134630?
2, 3, 5, 29, 113, 1873
List the prime factors of 89140724.
2, 17, 41, 31973
List the prime factors of 3343484.
2, 197, 4243
List the prime factors of 6445364.
2, 41, 39301
List the prime factors of 6233146.
2, 3116573
What are the prime factors of 132546394?
2, 19, 3488063
List the prime factors of 4972958860.
2, 5, 29, 8574067
What are the prime factors of 335857846?
2, 9137, 18379
List the prime factors of 27797747.
29, 958543
List the prime factors of 294370202.
2, 7, 21026443
What are the prime factors of 43698724?
2, 10924681
What are the prime factors of 854826658?
2, 7, 1246103
What are the prime factors of 859601913?
3, 127, 2256173
What are the prime factors of 51684837?
3, 761, 22639
List the prime factors of 2041171084.
2, 47, 10857293
List the prime factors of 30220713.
3, 17, 197521
What are the prime factors of 864617130?
2, 3, 5, 13, 738989
What are the prime factors of 18369874?
2, 1601, 5737
What are the prime factors of 623368226?
2, 13, 19, 269, 4691
What are the prime factors of 901989605?
5, 11, 16399811
What are the prime factors of 1095073483?
7, 156439069
What are the prime factors of 3372181892?
2, 23, 36654151
What are the prime factors of 1774201282?
2, 7, 37, 41, 139, 601
List the prime factors of 2785284945.
3, 5, 1579, 39199
What are the prime factors of 1391469282?
2, 3, 7, 349, 31643
What are the prime factors of 152823765?
3, 5, 29, 257, 1367
What are the prime factors of 797942225?
5, 31917689
List the prime factors of 1028049044.
2, 11, 71, 329081
What are the prime factors of 1766821?
7, 83, 3041
What are the prime factors of 752967326?
2, 3931, 95773
What are the prime factors of 319721200?
2, 5, 799303
What are the prime factors of 30420842?
2, 431, 35291
What are the prime factors of 45287621?
19, 23, 31, 3343
List the prime factors of 215855370.
2, 3, 5, 1009, 2377
What are the prime factors of 1763704699?
23, 76682813
List the prime factors of 56981510.
2, 5, 5698151
List the prime factors of 4871000756.
2, 8317, 146417
What are the prime factors of 16236945?
3, 5, 360821
List the prime factors of 92789365.
5, 18557873
List the prime factors of 266